te the greatest common divisor of d and 8.
4
Suppose 3*g + 87 = 5*v - v, v - 2*g - 23 = 0. What is the greatest common divisor of 7 and v?
7
Let d = -3 - 34. Let s = 17 - d. Suppose 0*o + s = 3*o. What is the greatest common divisor of 162 and o?
18
Let z be -1 - (1 + (-5 - 2)). Let v = z + 37. What is the highest common factor of v and 105?
21
Suppose -5*u + 5 = 10. Let v be (-813)/(-4) - u/(-4). Calculate the greatest common divisor of v and 29.
29
Let g be -6*(2 + 8/(-3)). Let p = 97 + -52. Suppose 0 = 4*d - 3 - p. Calculate the greatest common factor of g and d.
4
Let z(k) = 13*k. Let m be z(1). Let n = m + 0. What is the greatest common divisor of n and 91?
13
Let b = 4 + -2. Suppose 0 = -n - 2*f + 26, -b*f = -4*n - f + 59. Let g be (-6)/3 - 3*-2. Calculate the highest common divisor of g and n.
4
Suppose -36 = 2*j - 150. What is the greatest common divisor of j and 38?
19
Suppose 0 = 4*v - 483 - 1221. Let j be 15/10 + v/4. Calculate the highest common factor of j and 12.
12
Let u be 2012*1/(-4)*-2. Suppose -2*w + 1 = -5*c + u, 3*w = 4*c - 797. What is the greatest common factor of c and 29?
29
Suppose -3*f + 2*f = -9. Let o = 69 - 24. What is the greatest common factor of f and o?
9
Let n(r) = 12*r. Let a(y) = -y**2 + 1. Let b be a(0). Let p be n(b). What is the greatest common divisor of p and 30?
6
Suppose -4*x = 5*d, -15 = -2*x + 4*d + 11. Suppose -4*f + 7 = -x. Suppose 87 + 213 = f*n. Calculate the highest common factor of n and 20.
20
Suppose w + w - 8 = 0. Let i be (-1 - (-110)/w)*2. Let s = i + -37. Calculate the highest common factor of 32 and s.
16
Suppose -9*n + 36 = -5*n. What is the greatest common factor of n and 36?
9
Let w be (-1 + (-1 - -1))*17. Let n be (-2)/(-7) - (-410)/(-14). Let b = w - n. Calculate the greatest common divisor of b and 30.
6
Suppose 0 = 17*g - 12*g - 320. What is the greatest common divisor of g and 16?
16
Suppose 36*n + 152 = 38*n. What is the highest common divisor of 38 and n?
38
Let x(h) = -h**3 + 10*h**2 - 2*h - 7. Let j be x(9). Let q = -13 + 27. Calculate the greatest common divisor of q and j.
14
Let p = 30 - -30. Calculate the greatest common factor of 20 and p.
20
Let p(l) = 39*l**2 - 3*l + 3. Let w be p(2). Suppose -5*n + w = 33. Calculate the greatest common factor of 240 and n.
24
Let b(g) = -9*g**3 - g**2 - 2*g - 1. Let t be b(-1). Let q(s) = 3*s + 24. Let c be q(16). Calculate the greatest common divisor of c and t.
9
Suppose 2*y - 42 + 14 = 0. Suppose -4*x = -30 - y. Calculate the greatest common factor of 88 and x.
11
Let r = 38 - 3. Suppose -2*d + d = 7. Let k = -2 - d. What is the greatest common divisor of r and k?
5
Let p be (-2)/5 + 78/(-5). Let j be 332/(-14) + (-6)/21. Let b = p - j. What is the highest common factor of b and 20?
4
Suppose 3*k + 16 = 4*p, 0*p + 41 = -3*k - p. Let l be (32/6)/(1/k). Let i be (l/6)/(-4)*21. Calculate the highest common factor of 8 and i.
8
Let w = 426 - 261. What is the greatest common divisor of 66 and w?
33
Suppose -5*s = -2*s - 513. Let r be (-3)/((-6)/2)*4. Suppose 85 = r*n - s. Calculate the greatest common factor of 8 and n.
8
Let a be (0 + -2)*(-14)/4. Suppose 4*q - 139 = -3*g, -55 = -g - 2*q + 5*q. What is the highest common divisor of g and a?
7
Let h(j) = j. Let z be h(2). Suppose -2*x + 3*l + l = 8, 0 = 2*x + 3*l + 1. Let r be (-27)/x + (-1)/(-2). What is the highest common divisor of z and r?
2
Let d be 104/(-4 + 8) + -4. What is the greatest common divisor of 88 and d?
22
Let b be 35/(-3 + 3 + -1). Let k = -25 - b. What is the greatest common divisor of 15 and k?
5
Suppose -3*x + 19 = 2*y, x = 5*y - 4*x - 35. Let k(g) = g**3 - 6*g**2 + 4*g + 2. Let i be k(5). Let z = y + i. What is the greatest common factor of 40 and z?
5
Let i(b) = 12 - 10 + 5 + b. Let z be i(-6). What is the greatest common factor of 4 and z?
1
Suppose -4*f + 23 + 25 = 0. What is the highest common factor of 12 and f?
12
Suppose 0 = -z - 4*z + 325. Let y = z - 35. Let n be y/2 - 3/(-3). What is the greatest common factor of n and 40?
8
Suppose 31 - 19 = 2*j. Suppose 0 = -o + 3 + 15. What is the greatest common factor of j and o?
6
Let n = 834 - 562. Calculate the highest common factor of 16 and n.
16
Suppose -48 = -m + 4*m. Let p be 60/9*(-60)/m. Suppose 0 = 3*o - 9 - 6. Calculate the greatest common divisor of p and o.
5
Suppose 0 = -3*o - 0*s - 2*s + 19, o + 2*s = 13. What is the highest common divisor of 2 and o?
1
Let m be ((-4)/6 + 0)*-3. Suppose -3*u - 5*h = -m*u - 6, -u - 4*h = -11. Suppose 3*b - u = -1. What is the greatest common divisor of b and 5?
5
Suppose -316 - 46 = 2*l + 4*x, -4*l = -5*x + 685. Let j be (-2)/11 - l/55. Suppose -j*d - 24 = -369. Calculate the greatest common divisor of 23 and d.
23
Suppose -260 = -0*w - 5*w. Calculate the greatest common divisor of 13 and w.
13
Suppose 2*a + 3*a = -4*b - 19, -a + b = 2. Let f = a + 18. Let g = f + 17. What is the highest common divisor of 80 and g?
16
Suppose -27 = 5*b - 8*b. What is the highest common factor of 9 and b?
9
Suppose 0 = -8*q + 3*q + 40. Let j(z) = 2*z - 6. Let y be j(4). Suppose 32 = y*g - 3*s - 2, -g + s + 18 = 0. What is the greatest common divisor of q and g?
4
Let r be (-7)/(-2) - 6/(-4). Suppose 46 + 34 = -r*t. Let i = t + 23. Calculate the greatest common divisor of i and 7.
7
Suppose -4*t = -3*s + 641, 3*s = 3*t + 168 + 471. Let j = s + -101. Calculate the greatest common divisor of 44 and j.
22
Let b = -22 - -14. Let n be (4/(b/90))/(-1). Calculate the highest common divisor of 18 and n.
9
Suppose 0 = -2*d + 3 + 3, 0 = 2*z - 2*d - 30. Calculate the highest common divisor of 18 and z.
18
Let o = -40 + 10. Let y be (o/(-4))/(6/(-12)). Let t be (-10)/y - (-16)/3. Calculate the highest common factor of 54 and t.
6
Let n be -2 - -10*1/1. Calculate the greatest common divisor of 12 and n.
4
Let x = -45 - -87. Let v(r) = -2*r + 5. Let b(n) = -n - 1. Let i(t) = -2*b(t) - v(t). Let g be i(6). What is the greatest common divisor of g and x?
21
Let f = -53 - -91. What is the greatest common divisor of 95 and f?
19
Let f(z) = -2*z. Let t be f(-3). Let q be -8*(0 - (0 - -1))/2. What is the greatest common factor of t and q?
2
Suppose -2*h = -4*h - 3*i + 43, 0 = -5*h + i + 82. Let y = -4 + 6. Let s be (-4)/y - (-17 - 2). What is the greatest common divisor of h and s?
17
Suppose -3*b - 25 = -n, 2*b = -4*n + 4*b + 80. What is the greatest common factor of 38 and n?
19
Let p = -16 - -43. Suppose -4*k + 11 = -1. Suppose -2*i = -k*i - n + 8, 3 = -3*n. What is the greatest common factor of p and i?
9
Suppose -2*u - u + 6 = 0. Suppose 41 - 6 = 4*i - 3*w, -2 = u*w. Calculate the greatest common factor of i and 16.
8
Let k = 7 - 4. Suppose -3*q + 1 = 2*s, 5*s - k = -2*q + 5. Suppose p - 4*r - 2 + 20 = 0, -p + 22 = 4*r. Calculate the greatest common factor of p and s.
2
Suppose 4 + 41 = 5*u. What is the greatest common divisor of u and 81?
9
Let r be -3 - (-3 + 2) - -22. Let j = 8 + -4. Calculate the highest common divisor of j and r.
4
Suppose -6*v + 8 = -2*v, -5*v + 322 = 4*t. What is the highest common factor of t and 26?
26
Suppose w - 5*w = -12. What is the highest common factor of w and 27?
3
Let m(w) = -2*w - 1. Let c be m(-5). Calculate the greatest common factor of c and 72.
9
Suppose 0 = 3*q - 9, -2*q = -2*g + 5*g - 93. Let k = -18 + g. Suppose -f - 220 = -6*f. What is the highest common divisor of f and k?
11
Let i be 104/10 + (-8)/20. Calculate the highest common factor of 2 and i.
2
Let u(i) be the second derivative of -i**4/12 + i**2/2 - i. Let s be u(-1). Suppose 4*b = -s*b + 52. Calculate the greatest common factor of 91 and b.
13
Suppose -132 = 5*b + 3*y - 1216, -3*b + 652 = y. Suppose -5*r - 4*i = -b, 7*r - 3*i = 2*r + 204. What is the greatest common divisor of r and 14?
14
Let a = -288 + 536. Suppose -5*w + 5*f = -560, f + a = 2*w + 5*f. Calculate the greatest common factor of w and 29.
29
Let y = 9 + -5. Let l(s) = s**2 - s + 6. Let i(m) = -m**2 + 2*m - 11. Let x(f) = 3*i(f) + 5*l(f). Let t be x(-3). What is the greatest common factor of y and t?
4
Suppose 3*c = 7*c. Suppose n - 197 = -x, c = 2*n - 4*x - 198 - 214. Calculate the highest common factor of n and 25.
25
Let f(s) = -s**2 + 6*s + 5. Let i be f(6). Suppose 2*a + 1 = -1, -1262 = -i*c - 3*a. What is the greatest com